 - 20 + 10 + 4 + 2*s. Give p(y).
-14
Let p(k) = -11 - 9*k - 2 + 11*k. Let h(i) = -2*i + 13. Let l(j) = 4*h(j) + 3*p(j). Give l(10).
-7
Let l(m) = m**3 + 13*m**2 + 27*m + 28. Let o be l(-9). Let f = o + -104. Let y(x) = -x**3 + 6*x**2 - 4*x - 3. Give y(f).
2
Let f(o) = 5*o - 8 + 7*o**2 - 56*o**3 + 112*o**3 - 55*o**3. Let w(m) = m**2 - 4. Let q be w(-3). Suppose -4*i - 2*c - 22 = 0, 2*i - q*i - 4*c = 14. Give f(i).
-2
Let a(j) = -2*j - 4. Let k(d) be the first derivative of d**3/3 - d**2/2 - 110. Let q(m) = -a(m) - k(m). Let w be (-3)/(10/(-4) + 2). Determine q(w).
-14
Let h(q) = 9*q - 31. Suppose 18*w + 204 + 172 = 448. Give h(w).
5
Let x = -4061 + 4061. Let i(j) = -j**2 + j + 19. Determine i(x).
19
Let w(z) = 5 + 1827*z**3 - 140*z + 139*z - 1 - 7*z**2 - 1826*z**3. Let d be (7 - 1) + -1 + 2. Give w(d).
-3
Suppose 383*p + 1074 = 25*p. Let h(i) = 27*i + 90. Determine h(p).
9
Let t(u) = 3*u**2 - 68*u - 35. Let v be -3*(-207)/135*(18 + -13). Give t(v).
-12
Let l(y) = 16*y - 53. Let g be 3 + (-30 - -20) + 11. What is l(g)?
11
Let j(l) = -l**3 + 7*l**2 + 16*l + 24. Suppose 0 = 12*d + 7*d - 171. What is j(d)?
6
Let u(f) be the second derivative of f**4/24 - f**3/3 - 109*f**2/2 + 52*f. Let i(v) be the first derivative of u(v). Calculate i(-10).
-12
Suppose -3*r + 31 = -117*v + 113*v, -56 = -4*r - 2*v. Let x(y) = y**2 - 13*y - 13. Calculate x(r).
-13
Let q(z) = -z - 3. Let h(t) = 5*t - 5. Let s be h(4). Suppose -2*u + u - 2*d - 5 = 0, s = u - 2*d. Suppose 2*b = u + 1. Determine q(b).
-6
Let q(t) = -20*t - 28. Suppose -j + 42 = 5*x, 42 = -421*j + 426*j + x. Determine q(j).
-168
Let x be (4 - -2)/((-4)/5 + (-12)/(-90)). Let p(f) = 5*f + 38. What is p(x)?
-7
Let k = 360 + -358. Let a(z) = 5*z - 5*z - k*z - 10 + 9. What is a(-7)?
13
Suppose -5 - 1 = r. Let v = r - -20. Let y(q) = -13*q + v*q + 6 - 2. Calculate y(-7).
-3
Let m(h) = -7*h - 205. Let r be m(-29). Let d(y) = -4*y**3 - 3*y**2 + 2*y + 12. Let k(f) = f**3 + f**2 - f - 3. Let n(j) = r*d(j) - 9*k(j). Calculate n(-3).
-12
Let i(b) = 0*b - 8*b - b + 3*b + 4*b - 69. Calculate i(-34).
-1
Suppose 0 = 5*z - x, 2*z + 0*x = 2*x. Let o(c) = -c**3 + 2 - 264*c**2 + 132*c**2 + 133*c**2. Determine o(z).
2
Let g(q) be the third derivative of -q**5/60 + q**4/6 + 2*q**3/3 - 13*q**2 + 33*q. What is g(5)?
-1
Let r(x) be the second derivative of -2*x**5/5 - x**4/12 - x**3/2 - x**2/2 + 1940*x. Give r(-2).
65
Suppose 21*x - 21 - 12 = 32*x. Let a(h) = -10*h - 23. What is a(x)?
7
Let w(p) = 2 - 159*p + 165*p - 4*p**2 + 0. Let q(j) = -5*j**2 + 7*j + 3. Let u(z) = -5*q(z) + 6*w(z). Determine u(-3).
3
Suppose -45*b + 1079 = -64*b + 32*b. Let o(j) = j**2 - 85*j + 158. What is o(b)?
-8
Let o(j) = -j**2 - 1. Let p = -6436 - -6427. Let d(c) = c + 1. Let v be d(4). Let t = p + v. Give o(t).
-17
Suppose -4*s = 2*h + 4, -9*s + 4*s + 2*h + 4 = 0. Suppose s*y - y = -2. Let t(x) = 13*x - 11. Let v(n) = 33*n - 27. Let f(o) = 12*t(o) - 5*v(o). Calculate f(y).
-15
Let c be -6 + (12/4 - -107). Let v = 102 - c. Let w(o) = 1 + 3*o**2 + 3*o + 7 - 8 + o**3. What is w(v)?
-2
Let t(f) = -f**3 + 6*f**2 + f - 3. Suppose 5*g + 0*z + z = 143, -47 = -2*g + 3*z. Suppose 2*j = 5*q + 49, 2*q + 24 = -8*j + 9*j. Let k = g - j. What is t(k)?
3
Let s(b) = b**3 + 8*b**2 + 6*b - 4. Let x(z) = 84 - 20*z - 19*z - 3*z + 43 + 76. Let n be x(5). Calculate s(n).
3
Let a(w) = 221*w - 32 - 113*w + 86 - 109*w. Calculate a(30).
24
Let d(n) = -n**2 - 12*n + 4. Let r(a) = -a**2 - 11*a + 5. Let b(z) = 4*d(z) - 5*r(z). Suppose 46*j = 57*j + 77. Calculate b(j).
-9
Let p(h) = -h**2 + 9*h - 7. Let a be p(7). Let v be 6/(-2) + a + 2. Let m(w) = 4*w - w + 5 - 5. Give m(v).
18
Let o(t) be the first derivative of t**4/4 - 17*t**3/3 + 7*t**2 - 17*t + 3135. What is o(16)?
-49
Let h(b) be the second derivative of -b**5/20 - b**4/6 - 20*b**2 - 6878*b. Give h(0).
-40
Let c(w) = -4*w**3 - 9*w**2 - 6*w - 15. Let b(q) = -12*q**3 - 24*q**2 - 18*q - 42. Let y(o) = -3*b(o) + 8*c(o). Calculate y(-1).
-4
Let m(y) be the first derivative of -3*y**2/2 + 5*y + 481. Let q(n) = -n**2 + 8*n + 13. Let v be q(9). Determine m(v).
-7
Suppose z + 4 = 3*z. Let d be (6 + (-17)/3)*69. Let u(w) = -4 + d - 7 - 6*w - 13. Calculate u(z).
-13
Let b(o) be the first derivative of 2*o**2 + 13*o + 2. Suppose -2502*v + 2466*v - 324 = 0. Determine b(v).
-23
Let n(k) = -5*k**2 - 16*k - 2. Let h(y) = 7 + 24*y**2 + 31*y - 1 - y**2 - 10*y**2. Let l(f) = -2*h(f) - 5*n(f). What is l(18)?
-2
Let w(a) = -19*a + 60. Suppose 3*q = -x - 11, -2*x + 23 = -5*x - 4*q. Let h(u) = -11*u + 31. Let l(c) = x*h(c) + 3*w(c). Calculate l(15).
-5
Let j = 306 + -299. Suppose 0 = l - 2*l + 2. Let t(r) = 6 + 3*r**l - 2 - 2*r**2 - 7*r. What is t(j)?
4
Let g(m) = -29*m + 41. Let h(b) = 152*b - 204. Let a(o) = -16*g(o) - 3*h(o). What is a(4)?
-12
Suppose 5*m - 162 = -4*m. Let w be (1 + -1)*m/36. Let p(z) be the second derivative of z**4/12 + z**3/6 + 5*z**2/2 + 2*z. Give p(w).
5
Let r(b) = -21*b - 1. Suppose -2*a - 3*a = a. Suppose a = -2*v - 4*n + 2, -5*v + 6 = -5*n + 1. Determine r(v).
-22
Let b(g) = 118*g + 9. Let q(c) = -157*c - 10. Let j(a) = -4*b(a) - 3*q(a). Let o be 46/6 - 1/(-3). Let i be o - 1*(-2)/(-1). Determine j(i).
-12
Suppose -4*u + 6*h = 4*h - 4, h + 2 = -5*u. Suppose r - 9 = -u. Suppose r + 0 = p. Let c(t) = -t + 9. Calculate c(p).
0
Let v(k) = 2*k**2 + 2*k. Suppose -23*y = 17*y - 12*y + 112. What is v(y)?
24
Suppose 0 = 5*f + l - 15, -4*f + 3*l - l + 12 = 0. Let z(s) = 11*s**f + 0 + 4 + 2*s - 9*s**3 + s**2 - 3*s**3. Suppose -6*j = -5*j - 3. Determine z(j).
-8
Suppose 21*q = -22*q + q. Let r(u) be the second derivative of -1/6*u**3 - 22*u + 1/20*u**5 + 1/12*u**4 + q + 3/2*u**2. What is r(0)?
3
Suppose -4*p + 45 = 5*q, p - 12 = -2*q + 3. Suppose -4*v - 8 = 0, -t = v - 3 + q. Let r(h) = -h**2 + h - 5. What is r(t)?
-5
Suppose -4*o = -6*o + 12. Let q be -6*(2/o - 0). Let c(i) = -8*i + 1. Let f(y) = 17*y - 2. Let k(v) = q*f(v) - 5*c(v). What is k(-1)?
-7
Let k(o) be the third derivative of -o**5/60 - 3*o**4/2 + 34*o**3 - 1825*o**2. Determine k(-41).
-1
Suppose -n - 1 = 3. Let x(t) be the second derivative of t**6/360 + t**5/20 + t**4/24 - t**3/6 + 2*t. Let y(s) be the second derivative of x(s). What is y(n)?
-7
Suppose -j + 2*n = n + 3, 5*j - 2*n = 0. Let z(h) = 5*h**2 - 6*h**2 + j - h + 6*h**2 + h**3 - 7*h**2. Suppose 3*a - 15 = -2*a. Calculate z(a).
8
Let s(w) = -w**2 - 21*w - 3. Let k(r) = -10*r**2 + 125*r + 21. Let f(v) = -k(v) - 6*s(v). What is f(2)?
63
Let y(m) = -574*m - 5760. Let u be y(-10). Let o(h) = -1 - 3 - 20*h + 0*h**3 + h**3 + 19*h**2. Determine o(u).
-4
Let v(h) = h**3 - h**2 - 3*h + 2. Suppose 0 = -5*q - 4*f - 296 - 171, -5*q + f = 452. Let u = -89 - q. What is v(u)?
0
Let u(n) = n**3 - 7*n**2 - 8*n - 4. Suppose 662 - 134 = -11*a. Let r = -40 - a. Calculate u(r).
-4
Let v(z) = 53 - 104 + 55 + 0*z - z. Suppose t - 7 = -2. Calculate v(t).
-1
Suppose 4*x = f + f - 2, 11 = f + 3*x. Let v(a) = -12*a**3 - 3*a**2 + 4*a + 2. Let s(c) = -19*c**3 - 4*c**2 + 6*c + 3. Let d(w) = f*s(w) - 8*v(w). Give d(-5).
-16
Let c = 384 - 384. Suppose c = x, -3*t + 26*x - 23*x - 9 = 0. Let s(a) = -a**2 - a - 4. Calculate s(t).
-10
Let z = -738 + 756. Suppose 46*q - 28*q = z. Let f(x) = -13*x + 5. Let b(n) = -6*n + 2. Let r(j) = 5*b(j) - 2*f(j). Give r(q).
-4
Suppose -85*i + 76*i + 45 = 0. Let p(o) = -166*o**2 + 339*o**2 + 4*o - o**3 - 7 - 168*o**2. Give p(i).
13
Let d(h) = 3*h + 2. Let c = 65 - 43. Let t be c/6 + 1*2/(-3). Let r be 4 - ((-1)/t + (-2)/(-6)). Determine d(r).
14
Let k(l) = -6511 - 6510 - 5*l**2 - 9*l + 13031 - 6*l. What is k(-4)?
-10
Let u be ((-5)/((-5)/(-4)) + 3)*-5. Let y(r) = 1 + 2*r**2 - 33*r**3 + 8*r**3 - 5*r - 2*r + u*r. Give y(1).
-24
Let z(d) = -2*d**3 - 13*d**2 + 8*d + 12. Let l be -5 + (-29)/((-290)/(-20)). Give z(l).
5
Let o(p) be the first derivative of -p**4/4 - p**3/3 + 5*p**2/2 + 3*p + 97. Determine o(2).
1
Let o(u) = -u**2 + 11*u - 19. Let l(b) = -b**2 - 85*b - 1291. Let t be l(-65). Give o(t).
-1
Let o(q) = -q**3 + 3*q**2 + 6*q - 13. Let i = 4064 - 4061. What is o(i)?
5
Let j(l) be the third derivative of 0*l + 0 + 16*l**2 + 1/6*l**3. Let v(c) = -2*c - 10. Let k(g) = j(g) + v(g). Calculate k(-8).
7
Let v(a) = -8*a + 26*a - a + a**2 - 7*a - 21. Let i be v(-11). Let z(q) = q**3 + 10*q**2 + 2*q + 3. Determi